10*z - 27. Determine f(2).
-15
Let p(v) = 13*v**2 - 87*v - 29. What is p(7)?
-1
Let y(w) = -w**3 - 29*w**2 - 201*w + 18. Determine y(-17).
-33
Let r(o) = 6*o**2 + 150*o + 131. Calculate r(-24).
-13
Let t(y) = 8*y + 727. Determine t(-92).
-9
Let h(i) = i**3 + 48*i**2 + 299*i + 548. Calculate h(-41).
56
Let d(b) = -814*b - 30104. Calculate d(-37).
14
Let r(h) = 87*h**2 + 2624*h + 415. Calculate r(-30).
-5
Let a(d) = -8*d**2 + d + 2. Determine a(-4).
-130
Let p(z) = 5*z**2 - 351*z - 1058. Give p(-3).
40
Let z(b) = 13*b**2 + 261*b + 25. Give z(-20).
5
Let p(z) = z**3 + 39*z**2 + 339*z - 8. Determine p(-13).
-21
Let f(g) = -g**3 + g**2 - 4*g - 451. What is f(0)?
-451
Let d(l) = -l**3 - 22*l**2 - 61*l - 75. Calculate d(-19).
1
Let h(v) = -v**3 + 8*v**2 + 20*v + 111. What is h(8)?
271
Let y(i) = -2*i**2 - 59*i - 376. Calculate y(-19).
23
Let u(g) = 3*g**2 - 19*g + 10. Calculate u(22).
1044
Let m(z) = -z**3 - 44*z**2 + 410*z - 271. Determine m(-52).
41
Let i(r) = -25*r**2 + 108*r + 29. What is i(6)?
-223
Let y(i) = i**2 + 129*i + 385. Calculate y(-3).
7
Let z(k) = -k**2 + 212*k - 1278. Determine z(6).
-42
Let w(l) = -23*l - 227. What is w(6)?
-365
Let c(p) = 2385*p - 42948. What is c(18)?
-18
Let o(t) = 71*t**2 - 10582*t + 489. Calculate o(149).
42
Let f(q) = q**2 + 2672*q + 71410. What is f(-27)?
-5
Let w(m) = 90*m - 527. Calculate w(6).
13
Let a(g) = 78*g - 34. What is a(1)?
44
Let u(v) = -v**3 + 16*v**2 - 11*v - 47. Give u(15).
13
Let i(m) = -2*m**2 + 106. Give i(-9).
-56
Let j(s) = -4195*s - 113256. Calculate j(-27).
9
Let c(x) = 3*x**2 + 67*x - 7. What is c(-20)?
-147
Let z(d) = -2*d**3 + 32*d**2 - 128*d - 7. Determine z(8).
-7
Let k(a) = 2*a**2 + 25*a - 187. Calculate k(5).
-12
Let u(p) = 4*p**3 - 3*p**2 + 11*p - 1. What is u(-2)?
-67
Let r(y) = -27*y + 769. Calculate r(30).
-41
Let x(r) = 157*r**2 + 29*r - 2. Calculate x(2).
684
Let l(j) = j**3 + 30*j**2 - 18*j + 402. Give l(-31).
-1
Let z(m) = m**3 - 22*m**2 - 18*m - 117. Give z(23).
-2
Let l(b) = 2*b**2 + 25*b - 316. Give l(-20).
-16
Let s(i) = 3*i**2 + 181*i + 238. Determine s(-59).
2
Let g(p) = -p**3 + p**2 + 211. What is g(0)?
211
Let q(y) = -95*y + 964. Calculate q(10).
14
Let l(f) = -f**3 + 92*f**2 - 100*f + 969. Calculate l(91).
150
Let u(t) = t**3 - 39*t**2 - 1104*t + 122. Determine u(58).
6
Let v(n) = 279*n + 266. Give v(-2).
-292
Let f(k) = 2*k**2 - 57*k + 248. What is f(5)?
13
Let f(k) = -k**3 + 128*k**2 - 242*k - 1252. Determine f(126).
8
Let y(h) = 6*h**2 + 25*h + 79. Calculate y(-3).
58
Let y(g) = -65*g**2 + 295*g + 564. Determine y(6).
-6
Let o(b) = -9*b**2 - 1373*b + 645. Give o(-153).
33
Let s(t) = 203*t + 53. Determine s(-1).
-150
Let v(j) = 4*j - 42. Determine v(22).
46
Let q(a) = -a**3 - 127*a**2 + 164*a + 4614. Determine q(-128).
6
Let h(j) = -58*j**2 + 85*j - 169. Give h(2).
-231
Let d(f) = -f**2 - f - 7. Determine d(9).
-97
Let n(h) = h**2 + 51*h + 382. Determine n(-25).
-268
Let k(u) = -9*u**3 - 514*u**2 - 57*u + 8. What is k(-57)?
8
Let f(n) = n**3 + 42*n**2 + 74*n - 233. Calculate f(-40).
7
Let o(u) = u**2 + 146*u - 451. Calculate o(3).
-4
Let g(l) = -l**2 + 39*l - 196. Calculate g(6).
2
Let x(r) = 7*r**3 - 17*r**2 - 355*r - 9. Determine x(-6).
-3
Let p(r) = -3*r**3 - 8*r**2 + 17*r + 25. Give p(-4).
21
Let s(n) = 388*n**2 + 408*n - 2. What is s(-1)?
-22
Let w(g) = -44*g - 33. Give w(-1).
11
Let b(v) = v**3 - 17*v**2 + 14*v + 3. What is b(16)?
-29
Let a(p) = 1358*p - 4145. Determine a(3).
-71
Let x(g) = g**2 - 3*g + 18. What is x(10)?
88
Let o(m) = 6*m**3 - 53*m**2 + 4*m - 115. Calculate o(9).
2
Let p(t) = 2*t**3 + 3*t**2 - 2*t - 321. Calculate p(0).
-321
Let g(j) = -32*j**2 - 169*j - 58. What is g(-6)?
-196
Let s(g) = g**3 + 15*g**2 - 88*g + 38. Determine s(4).
-10
Let g(t) = -869*t - 2637. Determine g(-3).
-30
Let x(k) = -k**3 + 9*k**2 - 11*k - 45. Calculate x(5).
0
Let w(n) = 574*n + 36173. Calculate w(-63).
11
Let m(n) = 11*n**2 - 21*n + 9. What is m(4)?
101
Let b(p) = -p**3 - 15*p**2 - 47*p + 34. What is b(-6)?
-8
Let j(z) = -38*z**2 - 21*z - 6. Determine j(2).
-200
Let o(b) = 29*b**3 - 20*b**2 + 3*b - 1. Give o(1).
11
Let s(d) = 10058*d + 130747. Give s(-13).
-7
Let t(b) = -16*b + 940. What is t(57)?
28
Let d(c) = 9*c**3 + 3*c**2 + 18*c + 31. Determine d(-2).
-65
Let y(q) = 2*q**3 + 20*q**2 + 11*q - 16. Calculate y(-10).
-126
Let a(h) = -81*h + 2763. Give a(34).
9
Let n(q) = 14*q**2 + 45*q - 46. Determine n(1).
13
Let y(s) = -1063*s - 4285. Calculate y(-4).
-33
Let h(s) = 775*s - 4687. Give h(6).
-37
Let h(m) = -13*m**2 + 4*m + 7. Determine h(3).
-98
Let u(y) = 7*y - 595. Give u(61).
-168
Let u(d) = -d**3 + 99*d + 13. What is u(12)?
-527
Let t(x) = -4*x**2 + 65*x - 295. Calculate t(15).
-220
Let c(g) = -g**3 - 61*g**2 - 227*g + 48. Give c(-57).
-9
Let n(o) = -o**2 + 11*o - 37. Calculate n(25).
-387
Let j(a) = -139*a + 18. Calculate j(3).
-399
Let l(v) = 2495*v + 44914. Calculate l(-18).
4
Let p(v) = v**2 + 8*v - 3642. Determine p(-64).
-58
Let c(t) = -t**2 + 30*t - 174. Determine c(29).
-145
Let s(n) = n**3 - 30*n**2 + 227*n - 37. Give s(15).
-7
Let d(i) = 10*i**2 - 47*i - 2. Determine d(5).
13
Let h(l) = 2*l**3 - 36*l**2 + 24*l + 8. What is h(17)?
-162
Let y(j) = 31*j**3 - 592*j**2 + 59*j - 36. Give y(19).
2
Let q(p) = -38*p + 187. Give q(5).
-3
Let l(x) = -230*x + 458. Calculate l(2).
-2
Let d(u) = -u**3 + 56*u**2 - 693*u - 97. Give d(37).
273
Let w(a) = -4859*a - 437307. Calculate w(-90).
3
Let u(w) = 3*w**2 + 121*w + 1517. What is u(-14)?
411
Let l(b) = 2*b**2 - 112*b - 9099. Determine l(-45).
-9
Let u(o) = 3*o**2 - 269*o - 542. Calculate u(-2).
8
Let y(m) = 398*m - 376. Calculate y(1).
22
Let x(y) = 3*y**2 + 10*y - 126. Calculate x(9).
207
Let q(s) = -68*s - 1991. Calculate q(-26).
-223
Let r(z) = z**2 + 16*z + 11. Determine r(-12).
-37
Let x(w) = -22*w**3 + 15*w**2 + 10*w - 23. Determine x(3).
-452
Let s(h) = h**3 - 48*h**2 + 560*h. Give s(28).
0
Let d(s) = 3*s**3 + 14*s**2 - 199*s + 36. Determine d(6).
-6
Let a(r) = -91*r**3 - 18*r**2 - 9*r + 10. What is a(-1)?
92
Let z(s) = s**2 + 237*s + 1845. Determine z(-8).
13
Let s(n) = n**3 + 26*n**2 + 50*n + 77. Calculate s(-24).
29
Let a(g) = g**3 - 81*g**2 - 438*g - 95. Give a(-5).
-55
Let w(j) = -224*j - 677. Calculate w(-3).
-5
Let j(t) = -4*t**3 + 34*t + 19. Determine j(-3).
25
Let s(f) = -26*f + 109. Calculate s(8).
-99
Let p(s) = s**2 - 76*s - 33906. Determine p(226).
-6
Let h(y) = -2*y**2 + 92*y + 1604. What is h(60)?
-76
Let s(u) = -76*u - 2667. Give s(-35).
-7
Let w(d) = 114*d**3 + 3*d**2 - 11*d + 7. Determine w(2).
909
Let q(u) = 2*u**3 - 96*u**2 + 185*u + 122. Determine q(46).
168
Let v(n) = -n**3 + 30*n**2 - 237*n + 170. Calculate v(15).
-10
Let d(y) = y**2 + 18*y - 666. Give d(-35).
-71
Let y(s) = -127*s + 501. What is y(4)?
-7
Let c(q) = -2*q**3 + 33*q**2 + 138*q + 17. Give c(20).
-23
Let n(c) = 3*c**3 - 8*c**2 + 2*c + 4. What is n(5)?
189
Let g(v) = -1748*v - 1747. Give g(-1).
1
Let u(b) = 44*b - 2944. Give u(63).
-172
Let x(m) = 217*m - 2604. Determine x(12).
0
Let v(f) = -f**3 + 15*f**2 - 4*f + 62. Determine v(8).
478
Let q(t) = -4*t**3 - 5*t**2 - 4*t + 5. Give q(2).
-55
Let f(r) = 21*r**3 + 797*r**2 - 47*r - 45. Determine f(-38).
297
Let d(a) = -a**3 + 15*a**2 + a + 51. Give d(16).
-189
Let g(k) = k**3 - 162*k**2 + 12*k - 1934. What is g(162)?
10
Let t(g) = -4*g**2 - 5*g - 17. What is t(6)?
-191
Let h(y) = -225*y + 1092. Give h(6).
-258
Let w(u) = -4*u**3 - 18*u**2 - 10*u - 67. Calculate w(-8).
909
Let z(d) = -d**3 + 17*d**2 - 16*d - 209. Calculate z(15).
1
Let n(f) = -9*f - 104. What is n(26)?
-338
Let l(i) = -i**2 + 56*i + 47. Give l(48).
431
Let b(o) = -60*o**2 + 301*o + 23. What is b(6)?
-331
Let t(y) = 2935*y**2 + 17615*y + 8. Determine t(-6).
-22
Let b(v) = 2*v**3 + 38*v**2 - 89*v - 90. Determine b(-21).
15
Let l(x) = -x**3 + 12*x**2 + 9*x - 104. What is l(11)?
116
Let t(j) = -756*j + 10586. What is t(14)?
2
Let p(z) = 698*z + 2769. Calculate p(-4).
-23
Let w(v) = 282*v + 1394. Calculate w(-5).
-16
Let g(y) = -5*y - 128. Give g(-5).
-103
Let i(m) = 2*m**3 - 6*m**2 - 16*m - 2. Determine i(-2).
-10
Let v(n) = -3*n**2 + n + 37. Determine v(-11).
-337
Let x(t) = -t**3 + 50*t**2 + 1148*t - 610. What is x(67)?
-7
Let n(i) = 45*i**2 - 66*i - 1. Give n(2).
47
Let q(n) = 3*n + 961. What is q(68